{"id":18,"date":"2026-04-29T20:52:41","date_gmt":"2026-04-29T20:52:41","guid":{"rendered":"https:\/\/faissole--durand-tom.mmigrenoble-dev.fr\/?page_id=18"},"modified":"2026-04-29T21:04:12","modified_gmt":"2026-04-29T21:04:12","slug":"article-pub-acadomia","status":"publish","type":"page","link":"https:\/\/faissole--durand-tom.mmigrenoble-dev.fr\/?page_id=18","title":{"rendered":"Article pub Acadomia"},"content":{"rendered":"\t\t<div data-elementor-type=\"wp-post\" data-elementor-id=\"18\" class=\"elementor elementor-18\">\n\t\t\t\t<div class=\"elementor-element elementor-element-abd5e2f e-flex e-con-boxed e-con e-parent\" data-id=\"abd5e2f\" data-element_type=\"container\" data-e-type=\"container\" data-settings=\"{&quot;background_background&quot;:&quot;gradient&quot;}\">\n\t\t\t\t\t<div class=\"e-con-inner\">\n\t\t\t\t<div class=\"elementor-element elementor-element-190dd96 elementor-widget elementor-widget-heading\" data-id=\"190dd96\" data-element_type=\"widget\" data-e-type=\"widget\" data-widget_type=\"heading.default\">\n\t\t\t\t\t<h2 class=\"elementor-heading-title elementor-size-default\">R\u00e9alisation et montage d'une publicit\u00e9<\/h2>\t\t\t\t<\/div>\n\t\t\t\t<div class=\"elementor-element elementor-element-97a0fa6 elementor-widget elementor-widget-text-editor\" data-id=\"97a0fa6\" data-element_type=\"widget\" data-e-type=\"widget\" data-widget_type=\"text-editor.default\">\n\t\t\t\t\t\t\t\t\t<p>Un des derniers projets que j\u2019ai pu r\u00e9aliser \u00e9tait le montage d\u2019une publicit\u00e9, le tout enti\u00e8rement fait dans le cadre de ma formation. Ce projet m&rsquo;a surtout appris \u00e0 am\u00e9liorer ma ma\u00eetrise du logiciel de montage Adobe Premiere Pro mais aussi des logiciels de montage en g\u00e9n\u00e9ral. Il m&rsquo;a \u00e9galement appris \u00e0 mieux comprendre et utiliser les outils de tournage comme les cam\u00e9ras, les lumi\u00e8res et les outils d&rsquo;enregistrement du son. Cet exercice avait pour but de nous rappeler les modalit\u00e9s de tournage et de montage. Les comp\u00e9tences ma\u00eetris\u00e9es ici rel\u00e8vent surtout de la production audiovisuelle.<\/p><p><a href=\"http:\/\/www.culturepub.fr\/videos\/maths\/\">Lien vers la pub de r\u00e9f\u00e9rence<\/a><\/p>\t\t\t\t\t\t\t\t<\/div>\n\t\t\t\t<div class=\"elementor-element elementor-element-92fcba5 elementor-widget elementor-widget-video\" data-id=\"92fcba5\" data-element_type=\"widget\" data-e-type=\"widget\" data-settings=\"{&quot;youtube_url&quot;:&quot;https:\\\/\\\/youtu.be\\\/6_nCNTpIOLo&quot;,&quot;video_type&quot;:&quot;youtube&quot;,&quot;controls&quot;:&quot;yes&quot;}\" data-widget_type=\"video.default\">\n\t\t\t\t\t\t\t<div class=\"elementor-wrapper elementor-open-inline\">\n\t\t\t<div class=\"elementor-video\"><\/div>\t\t<\/div>\n\t\t\t\t\t\t<\/div>\n\t\t\t\t\t<\/div>\n\t\t\t\t<\/div>\n\t\t\t\t<\/div>\n\t\t","protected":false},"excerpt":{"rendered":"<p>R\u00e9alisation et montage d&rsquo;une publicit\u00e9 Un des derniers projets que j\u2019ai pu r\u00e9aliser \u00e9tait le montage d\u2019une publicit\u00e9, le tout enti\u00e8rement fait dans le cadre de ma formation. Ce projet m&rsquo;a surtout appris \u00e0 am\u00e9liorer ma ma\u00eetrise du logiciel de montage Adobe Premiere Pro mais aussi des logiciels de montage en g\u00e9n\u00e9ral. Il m&rsquo;a \u00e9galement [&hellip;]<\/p>\n","protected":false},"author":4,"featured_media":0,"parent":0,"menu_order":0,"comment_status":"closed","ping_status":"closed","template":"","meta":{"footnotes":""},"class_list":["post-18","page","type-page","status-publish","hentry"],"_links":{"self":[{"href":"https:\/\/faissole--durand-tom.mmigrenoble-dev.fr\/index.php?rest_route=\/wp\/v2\/pages\/18","targetHints":{"allow":["GET"]}}],"collection":[{"href":"https:\/\/faissole--durand-tom.mmigrenoble-dev.fr\/index.php?rest_route=\/wp\/v2\/pages"}],"about":[{"href":"https:\/\/faissole--durand-tom.mmigrenoble-dev.fr\/index.php?rest_route=\/wp\/v2\/types\/page"}],"author":[{"embeddable":true,"href":"https:\/\/faissole--durand-tom.mmigrenoble-dev.fr\/index.php?rest_route=\/wp\/v2\/users\/4"}],"replies":[{"embeddable":true,"href":"https:\/\/faissole--durand-tom.mmigrenoble-dev.fr\/index.php?rest_route=%2Fwp%2Fv2%2Fcomments&post=18"}],"version-history":[{"count":14,"href":"https:\/\/faissole--durand-tom.mmigrenoble-dev.fr\/index.php?rest_route=\/wp\/v2\/pages\/18\/revisions"}],"predecessor-version":[{"id":281,"href":"https:\/\/faissole--durand-tom.mmigrenoble-dev.fr\/index.php?rest_route=\/wp\/v2\/pages\/18\/revisions\/281"}],"wp:attachment":[{"href":"https:\/\/faissole--durand-tom.mmigrenoble-dev.fr\/index.php?rest_route=%2Fwp%2Fv2%2Fmedia&parent=18"}],"curies":[{"name":"wp","href":"https:\/\/api.w.org\/{rel}","templated":true}]}}

<div data-elementor-type="wp-post" data-elementor-id="18" class="elementor elementor-18">
				<div class="elementor-element elementor-element-abd5e2f e-flex e-con-boxed e-con e-parent" data-id="abd5e2f" data-element_type="container" data-e-type="container" data-settings="{&quot;background_background&quot;:&quot;gradient&quot;}">
					<div class="e-con-inner">
				<div class="elementor-element elementor-element-190dd96 elementor-widget elementor-widget-heading" data-id="190dd96" data-element_type="widget" data-e-type="widget" data-widget_type="heading.default">
					<h2 class="elementor-heading-title elementor-size-default">Réalisation et montage d'une publicité</h2>				</div>
				<div class="elementor-element elementor-element-97a0fa6 elementor-widget elementor-widget-text-editor" data-id="97a0fa6" data-element_type="widget" data-e-type="widget" data-widget_type="text-editor.default">
									<p>Un des derniers projets que j’ai pu réaliser était le montage d’une publicité, le tout entièrement fait dans le cadre de ma formation. Ce projet m&rsquo;a surtout appris à améliorer ma maîtrise du logiciel de montage Adobe Premiere Pro mais aussi des logiciels de montage en général. Il m&rsquo;a également appris à mieux comprendre et utiliser les outils de tournage comme les caméras, les lumières et les outils d&rsquo;enregistrement du son. Cet exercice avait pour but de nous rappeler les modalités de tournage et de montage. Les compétences maîtrisées ici relèvent surtout de la production audiovisuelle.</p><p><a href="http://www.culturepub.fr/videos/maths/">Lien vers la pub de référence</a></p>								</div>
				<div class="elementor-element elementor-element-92fcba5 elementor-widget elementor-widget-video" data-id="92fcba5" data-element_type="widget" data-e-type="widget" data-settings="{&quot;youtube_url&quot;:&quot;https:\/\/youtu.be\/6_nCNTpIOLo&quot;,&quot;video_type&quot;:&quot;youtube&quot;,&quot;controls&quot;:&quot;yes&quot;}" data-widget_type="video.default">
							<div class="elementor-wrapper elementor-open-inline">
			<div class="elementor-video"></div>		</div>
						</div>
					</div>
				</div>
				</div>

<p>Réalisation et montage d&rsquo;une publicité Un des derniers projets que j’ai pu réaliser était le montage d’une publicité, le tout entièrement fait dans le cadre de ma formation. Ce projet m&rsquo;a surtout appris à améliorer ma maîtrise du logiciel de montage Adobe Premiere Pro mais aussi des logiciels de montage en général. Il m&rsquo;a également [&hellip;]</p>
