{"id":152,"date":"2026-04-29T20:40:15","date_gmt":"2026-04-29T20:40:15","guid":{"rendered":"https:\/\/faissole--durand-tom.mmigrenoble-dev.fr\/?page_id=152"},"modified":"2026-04-29T20:50:38","modified_gmt":"2026-04-29T20:50:38","slug":"article-affiche-ville","status":"publish","type":"page","link":"https:\/\/faissole--durand-tom.mmigrenoble-dev.fr\/?page_id=152","title":{"rendered":"Article Affiche ville"},"content":{"rendered":"\t\t<div data-elementor-type=\"wp-page\" data-elementor-id=\"152\" class=\"elementor elementor-152\">\n\t\t\t\t<div class=\"elementor-element elementor-element-81d3c9e e-grid e-con-boxed e-con e-parent\" data-id=\"81d3c9e\" data-element_type=\"container\" data-e-type=\"container\" data-settings=\"{&quot;background_background&quot;:&quot;gradient&quot;}\">\n\t\t\t\t\t<div class=\"e-con-inner\">\n\t\t<div class=\"elementor-element elementor-element-6b7f6f2 e-con-full e-flex e-con e-child\" data-id=\"6b7f6f2\" data-element_type=\"container\" data-e-type=\"container\">\n\t\t\t\t<div class=\"elementor-element elementor-element-fc88ba8 elementor-widget elementor-widget-heading\" data-id=\"fc88ba8\" data-element_type=\"widget\" data-e-type=\"widget\" data-widget_type=\"heading.default\">\n\t\t\t\t\t<h2 class=\"elementor-heading-title elementor-size-default\">Cr\u00e9ation d'une affiche graphique<\/h2>\t\t\t\t<\/div>\n\t\t\t\t<div class=\"elementor-element elementor-element-6589e4c elementor-widget elementor-widget-text-editor\" data-id=\"6589e4c\" data-element_type=\"widget\" data-e-type=\"widget\" data-widget_type=\"text-editor.default\">\n\t\t\t\t\t\t\t\t\t<p>Un des autres projets que j&rsquo;ai pu r\u00e9aliser durant ma formation est la cr\u00e9ation d&rsquo;une affiche. Le but de ce projet \u00e9tait de r\u00e9aliser une affiche sur notre ville ou province d&rsquo;origine. Etant originaire de Bac Kan au Vietnam, j&rsquo;ai donc choisi de repr\u00e9senter la province. L&rsquo;affiche a \u00e9t\u00e9 enti\u00e8rement r\u00e9alis\u00e9e sur Adobe Illustrator en vectoriel. Lors de ce projet, j&rsquo;ai \u00e9galement appris \u00e0 cr\u00e9er un dossier d&rsquo;assemblage InDesign qui devait notamment contenir ma r\u00e9alisation graphique. Cet exercice est donc l&rsquo;aboutissement d&rsquo;un apprentissage sur Adobe Illustrator durant un semestre.<\/p>\t\t\t\t\t\t\t\t<\/div>\n\t\t\t\t<\/div>\n\t\t\t\t<div class=\"elementor-element elementor-element-7ce297b elementor-widget elementor-widget-image\" data-id=\"7ce297b\" data-element_type=\"widget\" data-e-type=\"widget\" data-widget_type=\"image.default\">\n\t\t\t\t\t\t\t\t\t\t\t\t\t\t\t\t<a href=\"https:\/\/faissole--durand-tom.mmigrenoble-dev.fr\/wp-content\/uploads\/2026\/04\/Affiche-BAC-KAN.png\" data-elementor-open-lightbox=\"yes\" data-elementor-lightbox-title=\"Affiche-BAC-KAN\" data-e-action-hash=\"#elementor-action%3Aaction%3Dlightbox%26settings%3DeyJpZCI6MTg2LCJ1cmwiOiJodHRwczpcL1wvZmFpc3NvbGUtLWR1cmFuZC10b20ubW1pZ3Jlbm9ibGUtZGV2LmZyXC93cC1jb250ZW50XC91cGxvYWRzXC8yMDI2XC8wNFwvQWZmaWNoZS1CQUMtS0FOLnBuZyJ9\">\n\t\t\t\t\t\t\t<img fetchpriority=\"high\" decoding=\"async\" width=\"521\" height=\"735\" src=\"https:\/\/faissole--durand-tom.mmigrenoble-dev.fr\/wp-content\/uploads\/2026\/04\/Affiche-BAC-KAN.png\" class=\"attachment-large size-large wp-image-186\" alt=\"\" srcset=\"https:\/\/faissole--durand-tom.mmigrenoble-dev.fr\/wp-content\/uploads\/2026\/04\/Affiche-BAC-KAN.png 521w, https:\/\/faissole--durand-tom.mmigrenoble-dev.fr\/wp-content\/uploads\/2026\/04\/Affiche-BAC-KAN-213x300.png 213w\" sizes=\"(max-width: 521px) 100vw, 521px\" \/>\t\t\t\t\t\t\t\t<\/a>\n\t\t\t\t\t\t\t\t\t\t\t\t\t\t\t<\/div>\n\t\t\t\t\t<\/div>\n\t\t\t\t<\/div>\n\t\t\t\t<\/div>\n\t\t","protected":false},"excerpt":{"rendered":"<p>Cr\u00e9ation d&rsquo;une affiche graphique Un des autres projets que j&rsquo;ai pu r\u00e9aliser durant ma formation est la cr\u00e9ation d&rsquo;une affiche. Le but de ce projet \u00e9tait de r\u00e9aliser une affiche sur notre ville ou province d&rsquo;origine. Etant originaire de Bac Kan au Vietnam, j&rsquo;ai donc choisi de repr\u00e9senter la province. L&rsquo;affiche a \u00e9t\u00e9 enti\u00e8rement r\u00e9alis\u00e9e [&hellip;]<\/p>\n","protected":false},"author":4,"featured_media":0,"parent":0,"menu_order":0,"comment_status":"closed","ping_status":"closed","template":"","meta":{"footnotes":""},"class_list":["post-152","page","type-page","status-publish","hentry"],"_links":{"self":[{"href":"https:\/\/faissole--durand-tom.mmigrenoble-dev.fr\/index.php?rest_route=\/wp\/v2\/pages\/152","targetHints":{"allow":["GET"]}}],"collection":[{"href":"https:\/\/faissole--durand-tom.mmigrenoble-dev.fr\/index.php?rest_route=\/wp\/v2\/pages"}],"about":[{"href":"https:\/\/faissole--durand-tom.mmigrenoble-dev.fr\/index.php?rest_route=\/wp\/v2\/types\/page"}],"author":[{"embeddable":true,"href":"https:\/\/faissole--durand-tom.mmigrenoble-dev.fr\/index.php?rest_route=\/wp\/v2\/users\/4"}],"replies":[{"embeddable":true,"href":"https:\/\/faissole--durand-tom.mmigrenoble-dev.fr\/index.php?rest_route=%2Fwp%2Fv2%2Fcomments&post=152"}],"version-history":[{"count":17,"href":"https:\/\/faissole--durand-tom.mmigrenoble-dev.fr\/index.php?rest_route=\/wp\/v2\/pages\/152\/revisions"}],"predecessor-version":[{"id":265,"href":"https:\/\/faissole--durand-tom.mmigrenoble-dev.fr\/index.php?rest_route=\/wp\/v2\/pages\/152\/revisions\/265"}],"wp:attachment":[{"href":"https:\/\/faissole--durand-tom.mmigrenoble-dev.fr\/index.php?rest_route=%2Fwp%2Fv2%2Fmedia&parent=152"}],"curies":[{"name":"wp","href":"https:\/\/api.w.org\/{rel}","templated":true}]}}

<div data-elementor-type="wp-page" data-elementor-id="152" class="elementor elementor-152">
				<div class="elementor-element elementor-element-81d3c9e e-grid e-con-boxed e-con e-parent" data-id="81d3c9e" data-element_type="container" data-e-type="container" data-settings="{&quot;background_background&quot;:&quot;gradient&quot;}">
					<div class="e-con-inner">
		<div class="elementor-element elementor-element-6b7f6f2 e-con-full e-flex e-con e-child" data-id="6b7f6f2" data-element_type="container" data-e-type="container">
				<div class="elementor-element elementor-element-fc88ba8 elementor-widget elementor-widget-heading" data-id="fc88ba8" data-element_type="widget" data-e-type="widget" data-widget_type="heading.default">
					<h2 class="elementor-heading-title elementor-size-default">Création d'une affiche graphique</h2>				</div>
				<div class="elementor-element elementor-element-6589e4c elementor-widget elementor-widget-text-editor" data-id="6589e4c" data-element_type="widget" data-e-type="widget" data-widget_type="text-editor.default">
									<p>Un des autres projets que j&rsquo;ai pu réaliser durant ma formation est la création d&rsquo;une affiche. Le but de ce projet était de réaliser une affiche sur notre ville ou province d&rsquo;origine. Etant originaire de Bac Kan au Vietnam, j&rsquo;ai donc choisi de représenter la province. L&rsquo;affiche a été entièrement réalisée sur Adobe Illustrator en vectoriel. Lors de ce projet, j&rsquo;ai également appris à créer un dossier d&rsquo;assemblage InDesign qui devait notamment contenir ma réalisation graphique. Cet exercice est donc l&rsquo;aboutissement d&rsquo;un apprentissage sur Adobe Illustrator durant un semestre.</p>								</div>
				</div>
				<div class="elementor-element elementor-element-7ce297b elementor-widget elementor-widget-image" data-id="7ce297b" data-element_type="widget" data-e-type="widget" data-widget_type="image.default">
																<a href="https://faissole--durand-tom.mmigrenoble-dev.fr/wp-content/uploads/2026/04/Affiche-BAC-KAN.png" data-elementor-open-lightbox="yes" data-elementor-lightbox-title="Affiche-BAC-KAN" data-e-action-hash="#elementor-action%3Aaction%3Dlightbox%26settings%3DeyJpZCI6MTg2LCJ1cmwiOiJodHRwczpcL1wvZmFpc3NvbGUtLWR1cmFuZC10b20ubW1pZ3Jlbm9ibGUtZGV2LmZyXC93cC1jb250ZW50XC91cGxvYWRzXC8yMDI2XC8wNFwvQWZmaWNoZS1CQUMtS0FOLnBuZyJ9">
							<img fetchpriority="high" decoding="async" width="521" height="735" src="https://faissole--durand-tom.mmigrenoble-dev.fr/wp-content/uploads/2026/04/Affiche-BAC-KAN.png" class="attachment-large size-large wp-image-186" alt="" srcset="https://faissole--durand-tom.mmigrenoble-dev.fr/wp-content/uploads/2026/04/Affiche-BAC-KAN.png 521w, https://faissole--durand-tom.mmigrenoble-dev.fr/wp-content/uploads/2026/04/Affiche-BAC-KAN-213x300.png 213w" sizes="(max-width: 521px) 100vw, 521px" />								</a>
															</div>
					</div>
				</div>
				</div>

<p>Création d&rsquo;une affiche graphique Un des autres projets que j&rsquo;ai pu réaliser durant ma formation est la création d&rsquo;une affiche. Le but de ce projet était de réaliser une affiche sur notre ville ou province d&rsquo;origine. Etant originaire de Bac Kan au Vietnam, j&rsquo;ai donc choisi de représenter la province. L&rsquo;affiche a été entièrement réalisée [&hellip;]</p>
